{"id":1972,"date":"2017-11-03T18:03:57","date_gmt":"2017-11-03T17:03:57","guid":{"rendered":"https:\/\/arcus.org.rs\/hun\/?page_id=1972"},"modified":"2023-11-03T13:38:46","modified_gmt":"2023-11-03T12:38:46","slug":"segitseg-teli-madareteteshez","status":"publish","type":"page","link":"https:\/\/arcus.org.rs\/hun\/segitseg-teli-madareteteshez\/","title":{"rendered":"Seg\u00edts\u00e9g t\u00e9li mad\u00e1retet\u00e9shez"},"content":{"rendered":"<p style=\"text-align: justify;\">Az ut\u00f3bbi \u00e9vekben egyre t\u00f6bben d\u00f6ntenek \u00fagy, hogy belev\u00e1gnak a madarak t\u00e9li etet\u00e9s\u00e9be. Ezzel val\u00f3ban seg\u00edthetj\u00fck a madarak t\u00fal\u00e9l\u00e9s\u00e9t a t\u00e9li id\u0151szakban, \u00e9s egy\u00e1ltal\u00e1n nem \u00e1rtunk vele. <span id=\"more-1886\"><\/span>A seg\u00edts\u00e9g mellett pedig sz\u00e9p \u00e9lm\u00e9nyekkel gazdagodhatunk, amikor a meleg szoba ablak\u00e1n kereszt\u00fcl figyelj\u00fck a mad\u00e1retet\u0151n ny\u00fczsg\u0151 \u00e9nekesmadarakat. Ez minden koroszt\u00e1ly sz\u00e1m\u00e1ra \u00e9rdekes kikapcsol\u00f3d\u00e1s lehet a rohan\u00f3 h\u00e9tk\u00f6znapok ut\u00e1n.<\/p>\n<div id=\"attachment_1873\" style=\"width: 275px\" class=\"wp-caption alignleft\"><a href=\"https:\/\/arcus.org.rs\/hun\/wp-content\/uploads\/2018\/01\/parus.major_.Photo_.Sihelnik.J..jpg\"><img aria-describedby=\"caption-attachment-1873\" loading=\"lazy\" class=\"wp-image-1873\" title=\"Sz\u00e9ncinege (Photo: Sihelnik J\u00f3zsef)\" src=\"https:\/\/arcus.org.rs\/hun\/wp-content\/uploads\/2018\/01\/parus.major_.Photo_.Sihelnik.J.-300x200.jpg\" alt=\"Sz\u00e9ncinege (Photo: Sihelnik J\u00f3zsef)\" width=\"265\" height=\"177\" srcset=\"https:\/\/arcus.org.rs\/hun\/wp-content\/uploads\/2018\/01\/parus.major_.Photo_.Sihelnik.J.-300x200.jpg 300w, https:\/\/arcus.org.rs\/hun\/wp-content\/uploads\/2018\/01\/parus.major_.Photo_.Sihelnik.J.-768x512.jpg 768w, https:\/\/arcus.org.rs\/hun\/wp-content\/uploads\/2018\/01\/parus.major_.Photo_.Sihelnik.J..jpg 840w\" sizes=\"(max-width: 265px) 100vw, 265px\" \/><\/a><p id=\"caption-attachment-1873\" class=\"wp-caption-text\">Sz\u00e9ncinege (Photo: Sihelnik J\u00f3zsef)<\/p><\/div>\n<p style=\"text-align: justify;\">Bizony\u00e1ra mindazok, akik a madarak t\u00e9li etet\u00e9se mellett d\u00f6ntenek, j\u00f3l tudj\u00e1k, hogy az \u00e9nekesmadarak sz\u00e1m\u00e1ra olajos magvakat, els\u0151sorban nyers, fekete h\u00e9j\u00fa napraforg\u00f3magot k\u00edn\u00e1ljanak eles\u00e9gk\u00e9nt. A sz\u00fcks\u00e9ges mennyis\u00e9g\u0171 napraforg\u00f3 beszerz\u00e9s\u00e9r\u0151l \u00e1ltal\u00e1ban m\u00e1r szeptemberben \u00e9rdemes gondoskodni, hiszen akkor viszonylag k\u00f6nnyen hozz\u00e1 lehet jutni a termel\u0151kn\u00e9l. Egy j\u00f3l bev\u00e1lt, t\u00f6bb \u00e9ve rendszeresen, minden t\u00e9len m\u0171k\u00f6dtetett mad\u00e1retet\u0151 eset\u00e9ben m\u00e1r igen komoly mennyis\u00e9gben fogyhat a napraforg\u00f3mag. A t\u00e9li id\u0151j\u00e1r\u00e1s f\u00fcggv\u00e9ny\u00e9ben, a mad\u00e1retet\u0151 hely\u00e9t\u0151l \u00e9s az azt l\u00e1togat\u00f3 madarak p\u00e9ld\u00e1nysz\u00e1m\u00e1t\u00f3l f\u00fcgg\u0151en ak\u00e1r 100-200 kilogramm mag is elfogyhat egyetlen t\u00e9l alatt. Ez a mennyis\u00e9g m\u00e9g a lakott ter\u00fcletek perem\u00e9n, f\u00e1kkal \u00e9s bokrokkal tark\u00edtott kertekben is elfogyhat, egy etet\u00e9si szezon alkalm\u00e1val.<\/p>\n<div id=\"attachment_1477\" style=\"width: 275px\" class=\"wp-caption alignright\"><a href=\"https:\/\/arcus.org.rs\/hun\/wp-content\/uploads\/2017\/01\/kert.3.Photo_.Flego_.P..jpg\"><img aria-describedby=\"caption-attachment-1477\" loading=\"lazy\" class=\"wp-image-1477\" title=\"Feny\u0151pinty (Photo: Fl\u00e9g\u00f3 P\u00e9ter)\" src=\"https:\/\/arcus.org.rs\/hun\/wp-content\/uploads\/2017\/01\/kert.3.Photo_.Flego_.P.-300x200.jpg\" alt=\"Feny\u0151pinty (Photo: Fl\u00e9g\u00f3 P\u00e9ter)\" width=\"265\" height=\"177\" srcset=\"https:\/\/arcus.org.rs\/hun\/wp-content\/uploads\/2017\/01\/kert.3.Photo_.Flego_.P.-300x200.jpg 300w, https:\/\/arcus.org.rs\/hun\/wp-content\/uploads\/2017\/01\/kert.3.Photo_.Flego_.P..jpg 780w\" sizes=\"(max-width: 265px) 100vw, 265px\" \/><\/a><p id=\"caption-attachment-1477\" class=\"wp-caption-text\">Feny\u0151pinty (Photo: Fl\u00e9g\u00f3 P\u00e9ter)<\/p><\/div>\n<p style=\"text-align: justify;\">Az Arcus K\u00f6rnyezetv\u00e9d\u0151 Egyes\u00fclet szakemberei jelent\u0151s t\u00e9li mad\u00e1rv\u00e9delmi tev\u00e9kenys\u00e9gk\u00e9nt tekintenek a mad\u00e1retet\u00e9sre, ez\u00e9rt minden term\u00e9szetbar\u00e1t sz\u00e1m\u00e1ra aj\u00e1nlj\u00e1k e tev\u00e9kenys\u00e9g szakszer\u0171 folytat\u00e1s\u00e1t. Ehhez igyeksz\u00fcnk seg\u00edts\u00e9get is ny\u00fajtani olyan form\u00e1ban, hogy <strong>Boros Mikl\u00f3s<\/strong> termel\u0151vel egy\u00fcttm\u0171k\u00f6dve egyes\u00fclet\u00fcnk minden tagja kedvezm\u00e9nyesen juthat napraforg\u00f3maghoz. <strong>A kedvezm\u00e9ny \u00e9rv\u00e9nyes, hiteles\u00edtett tags\u00e1gi lap felmutat\u00e1s\u00e1val v\u00e1lthat\u00f3 ki a topolyai piac 136-os asztal\u00e1n\u00e1l, minden szombaton \u00e9s kedden, november 1-je, illetve m\u00e1rcius 30-a k\u00f6z\u00f6tt.<\/strong> A kedvezm\u00e9ny term\u00e9szetesen az elk\u00f6vetkezend\u0151 \u00e9vekre is sz\u00f3l, mely jelenleg 1 liter napraforg\u00f3mag 80 din\u00e1ros \u00e1ra helyett, 70 din\u00e1rt jelent.<\/p>\n<p style=\"text-align: justify;\">Felh\u00edvjuk a mad\u00e1rbar\u00e1tok figyelm\u00e9t, hogy amennyiben m\u00e9g nem tagjai az Arcus K\u00f6rnyezetv\u00e9d\u0151 Egyes\u00fcletnek, csatlakozzanak hozz\u00e1nk, \u00e9s \u00e9ljenek a kedvezm\u00e9nyes napraforg\u00f3 v\u00e1s\u00e1rl\u00e1s lehet\u0151s\u00e9g\u00e9vel. Mindazokat pedig, akik m\u00e1r tagosodtak egyes\u00fclet\u00fcnkh\u00f6z, arra k\u00e9r\u00fcnk, \u00faj\u00edts\u00e1k meg tags\u00e1gukat, hiszen csak az \u00faj tags\u00e1gi lap felmutat\u00e1s\u00e1val \u00e9rv\u00e9nyes a kedvezm\u00e9ny. Bel\u00e9p\u00e9si sz\u00e1nd\u00e9kukat jelezhetik fel\u00e9nk az <a href=\"https:\/\/arcus.org.rs\/hun\/online-belepesi-nyilatkozat\/\" target=\"_blank\" rel=\"noopener\"><em>online bel\u00e9p\u00e9si nyilatkozat<\/em><\/a> kit\u00f6lt\u00e9s\u00e9vel is, melynek be\u00e9rkez\u00e9s\u00e9t k\u00f6vet\u0151en r\u00f6videsen v\u00e1laszlev\u00e9lben jelentkez\u00fcnk.<\/p>\n<div class=\"fcbkbttn_buttons_block\" id=\"fcbkbttn_left\"><div class=\"fcbkbttn_like \"><fb:like href=\"https:\/\/arcus.org.rs\/hun\/segitseg-teli-madareteteshez\/\" action=\"like\" colorscheme=\"light\" layout=\"standard\" show-faces='false' width=\"450px\" size=\"small\"><\/fb:like><\/div><\/div>","protected":false},"excerpt":{"rendered":"<p>Az ut\u00f3bbi \u00e9vekben egyre t\u00f6bben d\u00f6ntenek \u00fagy, hogy belev\u00e1gnak a madarak t\u00e9li etet\u00e9s\u00e9be. Ezzel val\u00f3ban seg\u00edthetj\u00fck a madarak t\u00fal\u00e9l\u00e9s\u00e9t a t\u00e9li id\u0151szakban, \u00e9s egy\u00e1ltal\u00e1n nem \u00e1rtunk vele. A seg\u00edts\u00e9g mellett pedig sz\u00e9p \u00e9lm\u00e9nyekkel gazdagodhatunk, amikor a meleg szoba ablak\u00e1n kereszt\u00fcl&hellip; <\/p>\n","protected":false},"author":5,"featured_media":0,"parent":0,"menu_order":0,"comment_status":"closed","ping_status":"open","template":"","meta":{"_mi_skip_tracking":false,"spay_email":""},"jetpack_shortlink":"https:\/\/wp.me\/P40Haz-vO","jetpack_sharing_enabled":true,"jetpack_likes_enabled":false,"_links":{"self":[{"href":"https:\/\/arcus.org.rs\/hun\/wp-json\/wp\/v2\/pages\/1972"}],"collection":[{"href":"https:\/\/arcus.org.rs\/hun\/wp-json\/wp\/v2\/pages"}],"about":[{"href":"https:\/\/arcus.org.rs\/hun\/wp-json\/wp\/v2\/types\/page"}],"author":[{"embeddable":true,"href":"https:\/\/arcus.org.rs\/hun\/wp-json\/wp\/v2\/users\/5"}],"replies":[{"embeddable":true,"href":"https:\/\/arcus.org.rs\/hun\/wp-json\/wp\/v2\/comments?post=1972"}],"version-history":[{"count":5,"href":"https:\/\/arcus.org.rs\/hun\/wp-json\/wp\/v2\/pages\/1972\/revisions"}],"predecessor-version":[{"id":4035,"href":"https:\/\/arcus.org.rs\/hun\/wp-json\/wp\/v2\/pages\/1972\/revisions\/4035"}],"wp:attachment":[{"href":"https:\/\/arcus.org.rs\/hun\/wp-json\/wp\/v2\/media?parent=1972"}],"curies":[{"name":"wp","href":"https:\/\/api.w.org\/{rel}","templated":true}]}}