{"id":2881,"date":"2021-05-10T23:20:20","date_gmt":"2021-05-10T22:20:20","guid":{"rendered":"https:\/\/arcus.org.rs\/hun\/?page_id=2881"},"modified":"2021-06-04T17:39:02","modified_gmt":"2021-06-04T16:39:02","slug":"pusztai-meteng-vinca-herbacea","status":"publish","type":"page","link":"https:\/\/arcus.org.rs\/hun\/pusztai-meteng-vinca-herbacea\/","title":{"rendered":"Pusztai met\u00e9ng (Vinca herbacea)"},"content":{"rendered":"<div id=\"attachment_2882\" style=\"width: 275px\" class=\"wp-caption alignright\"><a href=\"https:\/\/arcus.org.rs\/hun\/wp-content\/uploads\/2021\/05\/vinca.herbacea.Photo_.Sihelnik.J..jpg\"><img aria-describedby=\"caption-attachment-2882\" loading=\"lazy\" class=\"wp-image-2882\" title=\"Pusztai met\u00e9ng (Photo: Sihelnik J\u00f3zsef)\" src=\"https:\/\/arcus.org.rs\/hun\/wp-content\/uploads\/2021\/05\/vinca.herbacea.Photo_.Sihelnik.J.-300x200.jpg\" alt=\"Pusztai met\u00e9ng (Photo: Sihelnik J\u00f3zsef)\" width=\"265\" height=\"177\" srcset=\"https:\/\/arcus.org.rs\/hun\/wp-content\/uploads\/2021\/05\/vinca.herbacea.Photo_.Sihelnik.J.-300x200.jpg 300w, https:\/\/arcus.org.rs\/hun\/wp-content\/uploads\/2021\/05\/vinca.herbacea.Photo_.Sihelnik.J.-768x512.jpg 768w, https:\/\/arcus.org.rs\/hun\/wp-content\/uploads\/2021\/05\/vinca.herbacea.Photo_.Sihelnik.J..jpg 840w\" sizes=\"(max-width: 265px) 100vw, 265px\" \/><\/a><p id=\"caption-attachment-2882\" class=\"wp-caption-text\">Pusztai met\u00e9ng (Photo: Sihelnik J\u00f3zsef)<\/p><\/div>\n<p style=\"text-align: justify;\">A pusztai met\u00e9ng kistermet\u0171, k\u00fasz\u00f3 vagy felemelked\u0151 sz\u00e1r\u00fa, \u00e9vel\u0151 n\u00f6v\u00e9ny. \u00c1tellenesen \u00e1ll\u00f3, keskeny-l\u00e1ndzs\u00e1s levelei \u00e9rdes-pill\u00e1s \u00e9l\u0171ek. K\u00fasz\u00f3, indaszer\u0171 sz\u00e1ra nem gy\u00f6kerez\u0151. A vir\u00e1gz\u00f3 sz\u00e1rak r\u00f6videk, a lev\u00e9lh\u00f3nalji vir\u00e1gai mag\u00e1nosak, \u00e1tm\u00e9r\u0151j\u00fck 2,5-3 cm. A p\u00e1rta t\u00f6lcs\u00e9res, s\u00f6t\u00e9t-, olykor vil\u00e1gos-lil\u00e1sk\u00e9k, cimp\u00e1i keskenyek, rombosak, ferd\u00e9n lev\u00e1gott cs\u00facs\u00faak, tork\u00e1ban rendszerint vil\u00e1gos gy\u0171r\u0171 van. Nem gyakori term\u00e9se k\u00e9t hossz\u00fak\u00e1s, hengeres, kihegyezett t\u00fcsz\u0151b\u0151l \u00e1ll.<\/p>\n<div id=\"attachment_2896\" style=\"width: 275px\" class=\"wp-caption alignleft\"><a href=\"https:\/\/arcus.org.rs\/hun\/wp-content\/uploads\/2021\/05\/vinca.herbacea.2.Photo_.Sihelnik.J..jpg\"><img aria-describedby=\"caption-attachment-2896\" loading=\"lazy\" class=\"wp-image-2896\" title=\"Pusztai met\u00e9ng (Photo: Sihelnik J\u00f3zsef)\" src=\"https:\/\/arcus.org.rs\/hun\/wp-content\/uploads\/2021\/05\/vinca.herbacea.2.Photo_.Sihelnik.J.-300x200.jpg\" alt=\"Pusztai met\u00e9ng (Photo: Sihelnik J\u00f3zsef)\" width=\"265\" height=\"177\" srcset=\"https:\/\/arcus.org.rs\/hun\/wp-content\/uploads\/2021\/05\/vinca.herbacea.2.Photo_.Sihelnik.J.-300x200.jpg 300w, https:\/\/arcus.org.rs\/hun\/wp-content\/uploads\/2021\/05\/vinca.herbacea.2.Photo_.Sihelnik.J.-768x512.jpg 768w, https:\/\/arcus.org.rs\/hun\/wp-content\/uploads\/2021\/05\/vinca.herbacea.2.Photo_.Sihelnik.J..jpg 840w\" sizes=\"(max-width: 265px) 100vw, 265px\" \/><\/a><p id=\"caption-attachment-2896\" class=\"wp-caption-text\">Pusztai met\u00e9ng (Photo: Sihelnik J\u00f3zsef)<\/p><\/div>\n<p style=\"text-align: justify;\">M\u00e1rcius v\u00e9g\u00e9t\u0151l, \u00e1prilis elej\u00e9t\u0151l m\u00e1jus k\u00f6zep\u00e9ig vir\u00e1gzik. M\u00e9szkedvel\u0151 faj, ez\u00e9rt sziklagyepek, pusztaf\u00fcves lejt\u0151k, homok- \u00e9s l\u00f6szgyepek, karsztbokorerd\u0151k n\u00f6v\u00e9nye. El\u0151fordul\u00e1s\u00e1t tekintve pontusi-pannon fl\u00f3raelem. Topolya k\u00f6rny\u00e9k\u00e9n mind\u00f6ssze n\u00e9h\u00e1ny kisebb \u00e1llom\u00e1nya tal\u00e1lhat\u00f3, kiz\u00e1r\u00f3lag a Krivaja patak v\u00f6lgyh\u00e1l\u00f3zat\u00e1ban.<\/p>\n<p style=\"text-align: justify;\">Jellegzetes megjelen\u00e9s\u0171 faj. Rokon\u00e1val, a <strong>kis met\u00e9ng<\/strong>gel (<em>Vinca minor<\/em>) t\u00e9veszthet\u0151 \u00f6ssze, de ennek hajt\u00e1sai legy\u00f6kerez\u0151k, levelei elliptikusak, \u00f6r\u00f6kz\u00f6ldek, p\u00e1rtacimp\u00e1i sz\u00e9les-rombosak. Kertekben a termetesebb, nagyobb vir\u00e1g\u00fa, sz\u00edves-toj\u00e1sdad level\u0171, szint\u00e9n \u00f6r\u00f6kz\u00f6ld <strong>nagy met\u00e9ng<\/strong>et (<em>Vinca major<\/em>) is termesztik, amely kivadulhat. Szerbi\u00e1ban fokozottan v\u00e9dett.<\/p>\n<p style=\"text-align: right;\">Sihelnik J\u00f3zsef<\/p>\n<p>\u2039\u2039\u2039 <a href=\"https:\/\/arcus.org.rs\/hun\/termeszeti-ertekeink\/\"><em>vissza<\/em><\/a><\/p>\n<div class=\"fcbkbttn_buttons_block\" id=\"fcbkbttn_left\"><div class=\"fcbkbttn_like \"><fb:like href=\"https:\/\/arcus.org.rs\/hun\/pusztai-meteng-vinca-herbacea\/\" action=\"like\" colorscheme=\"light\" layout=\"standard\" show-faces='false' width=\"450px\" size=\"small\"><\/fb:like><\/div><\/div>","protected":false},"excerpt":{"rendered":"<p>A pusztai met\u00e9ng kistermet\u0171, k\u00fasz\u00f3 vagy felemelked\u0151 sz\u00e1r\u00fa, \u00e9vel\u0151 n\u00f6v\u00e9ny. \u00c1tellenesen \u00e1ll\u00f3, keskeny-l\u00e1ndzs\u00e1s levelei \u00e9rdes-pill\u00e1s \u00e9l\u0171ek. K\u00fasz\u00f3, indaszer\u0171 sz\u00e1ra nem gy\u00f6kerez\u0151. A vir\u00e1gz\u00f3 sz\u00e1rak r\u00f6videk, a lev\u00e9lh\u00f3nalji vir\u00e1gai mag\u00e1nosak, \u00e1tm\u00e9r\u0151j\u00fck 2,5-3 cm. A p\u00e1rta t\u00f6lcs\u00e9res, s\u00f6t\u00e9t-, olykor vil\u00e1gos-lil\u00e1sk\u00e9k, cimp\u00e1i keskenyek,&hellip; <\/p>\n","protected":false},"author":5,"featured_media":0,"parent":0,"menu_order":0,"comment_status":"closed","ping_status":"open","template":"","meta":{"_mi_skip_tracking":false,"spay_email":""},"jetpack_shortlink":"https:\/\/wp.me\/P40Haz-Kt","jetpack_sharing_enabled":true,"jetpack_likes_enabled":false,"_links":{"self":[{"href":"https:\/\/arcus.org.rs\/hun\/wp-json\/wp\/v2\/pages\/2881"}],"collection":[{"href":"https:\/\/arcus.org.rs\/hun\/wp-json\/wp\/v2\/pages"}],"about":[{"href":"https:\/\/arcus.org.rs\/hun\/wp-json\/wp\/v2\/types\/page"}],"author":[{"embeddable":true,"href":"https:\/\/arcus.org.rs\/hun\/wp-json\/wp\/v2\/users\/5"}],"replies":[{"embeddable":true,"href":"https:\/\/arcus.org.rs\/hun\/wp-json\/wp\/v2\/comments?post=2881"}],"version-history":[{"count":5,"href":"https:\/\/arcus.org.rs\/hun\/wp-json\/wp\/v2\/pages\/2881\/revisions"}],"predecessor-version":[{"id":3166,"href":"https:\/\/arcus.org.rs\/hun\/wp-json\/wp\/v2\/pages\/2881\/revisions\/3166"}],"wp:attachment":[{"href":"https:\/\/arcus.org.rs\/hun\/wp-json\/wp\/v2\/media?parent=2881"}],"curies":[{"name":"wp","href":"https:\/\/api.w.org\/{rel}","templated":true}]}}