{"id":2968,"date":"2021-05-16T20:22:36","date_gmt":"2021-05-16T19:22:36","guid":{"rendered":"https:\/\/arcus.org.rs\/hun\/?page_id=2968"},"modified":"2021-06-04T17:50:27","modified_gmt":"2021-06-04T16:50:27","slug":"szurke-hosszufulu-denever-plecotus-austriacus","status":"publish","type":"page","link":"https:\/\/arcus.org.rs\/hun\/szurke-hosszufulu-denever-plecotus-austriacus\/","title":{"rendered":"Sz\u00fcrke hossz\u00faf\u00fcl\u0171-denev\u00e9r (Plecotus austriacus)"},"content":{"rendered":"<p style=\"text-align: justify;\">K\u00f6zepes termet\u0171 faj. Megjelen\u00e9se nagyon jellegzetes, csak rokon\u00e1val, a barna hossz\u00faf\u00fcl\u0171-denev\u00e9rrel lehet \u00f6sszet\u00e9veszteni. Hatalmas f\u00fclei k\u00f6zel akkor\u00e1k, mint a teste. A f\u00fclfed\u0151 sz\u00e9less\u00e9ge t\u00f6bb mint 5,5 mm. Arcorra finom, mirigyesebb, mint a barna hossz\u00faf\u00fcl\u0171-denev\u00e9r\u00e9. A bunda a h\u00e1ton s\u00f6t\u00e9tebb sz\u00fcrke, a hasi oldalon vil\u00e1gossz\u00fcrke. A f\u00fcl \u00e9s a vitorl\u00e1k vil\u00e1gosak, v\u00e9konyak. A h\u00fcvelykujj 6 mm-n\u00e9l, a h\u00fcvelykujj karma 2,5 mm-n\u00e9l r\u00f6videbb.<\/p>\n<div id=\"attachment_2962\" style=\"width: 275px\" class=\"wp-caption alignleft\"><a href=\"https:\/\/arcus.org.rs\/hun\/wp-content\/uploads\/2021\/05\/plecotus.austriacus.Photo_.Sihelnik.J..jpg\"><img aria-describedby=\"caption-attachment-2962\" loading=\"lazy\" class=\"wp-image-2962\" title=\"Sz\u00fcrke hossz\u00faf\u00fcl\u0171-denev\u00e9r (Photo: Sihelnik J\u00f3zsef)\" src=\"https:\/\/arcus.org.rs\/hun\/wp-content\/uploads\/2021\/05\/plecotus.austriacus.Photo_.Sihelnik.J.-300x200.jpg\" alt=\"Sz\u00fcrke hossz\u00faf\u00fcl\u0171-denev\u00e9r (Photo: Sihelnik J\u00f3zsef)\" width=\"265\" height=\"177\" srcset=\"https:\/\/arcus.org.rs\/hun\/wp-content\/uploads\/2021\/05\/plecotus.austriacus.Photo_.Sihelnik.J.-300x200.jpg 300w, https:\/\/arcus.org.rs\/hun\/wp-content\/uploads\/2021\/05\/plecotus.austriacus.Photo_.Sihelnik.J.-768x512.jpg 768w, https:\/\/arcus.org.rs\/hun\/wp-content\/uploads\/2021\/05\/plecotus.austriacus.Photo_.Sihelnik.J..jpg 840w\" sizes=\"(max-width: 265px) 100vw, 265px\" \/><\/a><p id=\"caption-attachment-2962\" class=\"wp-caption-text\">Sz\u00fcrke hossz\u00faf\u00fcl\u0171-denev\u00e9r (Photo: Sihelnik J\u00f3zsef)<\/p><\/div>\n<p style=\"text-align: justify;\">R\u00f6pte lass\u00fa, fordul\u00e9kony. Parkokban, utak, nyilad\u00e9kok felett alacsonyan rep\u00fclve zs\u00e1km\u00e1ny\u00e1t sokszor k\u00f6zvetlen\u00fcl a bokrokr\u00f3l, f\u00e1kr\u00f3l vad\u00e1ssza le. Leggyakrabban kisebb lepk\u00e9kkel, sz\u00fanyogokkal t\u00e1pl\u00e1lkozik. Hegyvid\u00e9ki ter\u00fcleteken \u00e9s s\u00edks\u00e1gokon egyar\u00e1nt megtal\u00e1lhat\u00f3. \u00c9p\u00fcletlak\u00f3 faj, kol\u00f3ni\u00e1it, amelyek ak\u00e1r 80 p\u00e9ld\u00e1nyb\u00f3l is \u00e1llhatnak, padl\u00e1sokon, templomtornyokban alak\u00edtja ki. A hideget j\u00f3l t\u0171ri, t\u00e9len pinc\u00e9kbe, ritk\u00e1bban barlangokba h\u00faz\u00f3dik, vagy a padl\u00e1sok melegebb zugaiban marad. Nem tesz meg nagy t\u00e1vols\u00e1gokat, \u00e9l\u0151hely\u00e9hez ragaszkodik. Az eddig bizony\u00edtott leghosszabb v\u00e1ndorl\u00e1sa 62 kilom\u00e9ter volt. T\u00e9li sz\u00e1ll\u00e1shelyei is a ny\u00e1riak k\u00f6zel\u00e9ben tal\u00e1lhat\u00f3ak.<\/p>\n<p style=\"text-align: justify;\">Eur\u00f3p\u00e1ban a barna hossz\u00faf\u00fcl\u0171-denev\u00e9rn\u00e9l, els\u0151sorban az \u00e9p\u00fcletekben sz\u00e9lesk\u00f6r\u0171en alkalmazott fakonzerv\u00e1l\u00f3 szerek miatt ritk\u00e1bb, vesz\u00e9lyeztetett faj. Vajdas\u00e1gban \u00e1ltal\u00e1nosan elterjedt, de sehol sem t\u00f6meges, \u00e1llom\u00e1nya val\u00f3sz\u00edn\u0171leg cs\u00f6kken\u0151ben van. Vid\u00e9k\u00fcnk\u00f6n mind\u00f6ssze n\u00e9h\u00e1ny ismert el\u0151fordul\u00e1si helye van. Szerbi\u00e1ban fokozottan v\u00e9dett faj.<\/p>\n<p style=\"text-align: right;\">Sihelnik J\u00f3zsef<\/p>\n<p>\u2039\u2039\u2039 <a href=\"https:\/\/arcus.org.rs\/hun\/termeszeti-ertekeink\/\"><em>vissza<\/em><\/a><\/p>\n<div class=\"fcbkbttn_buttons_block\" id=\"fcbkbttn_left\"><div class=\"fcbkbttn_like \"><fb:like href=\"https:\/\/arcus.org.rs\/hun\/szurke-hosszufulu-denever-plecotus-austriacus\/\" action=\"like\" colorscheme=\"light\" layout=\"standard\" show-faces='false' width=\"450px\" size=\"small\"><\/fb:like><\/div><\/div>","protected":false},"excerpt":{"rendered":"<p>K\u00f6zepes termet\u0171 faj. Megjelen\u00e9se nagyon jellegzetes, csak rokon\u00e1val, a barna hossz\u00faf\u00fcl\u0171-denev\u00e9rrel lehet \u00f6sszet\u00e9veszteni. Hatalmas f\u00fclei k\u00f6zel akkor\u00e1k, mint a teste. A f\u00fclfed\u0151 sz\u00e9less\u00e9ge t\u00f6bb mint 5,5 mm. Arcorra finom, mirigyesebb, mint a barna hossz\u00faf\u00fcl\u0171-denev\u00e9r\u00e9. A bunda a h\u00e1ton s\u00f6t\u00e9tebb sz\u00fcrke,&hellip; <\/p>\n","protected":false},"author":5,"featured_media":0,"parent":0,"menu_order":0,"comment_status":"closed","ping_status":"open","template":"","meta":{"_mi_skip_tracking":false,"spay_email":""},"jetpack_shortlink":"https:\/\/wp.me\/P40Haz-LS","jetpack_sharing_enabled":true,"jetpack_likes_enabled":false,"_links":{"self":[{"href":"https:\/\/arcus.org.rs\/hun\/wp-json\/wp\/v2\/pages\/2968"}],"collection":[{"href":"https:\/\/arcus.org.rs\/hun\/wp-json\/wp\/v2\/pages"}],"about":[{"href":"https:\/\/arcus.org.rs\/hun\/wp-json\/wp\/v2\/types\/page"}],"author":[{"embeddable":true,"href":"https:\/\/arcus.org.rs\/hun\/wp-json\/wp\/v2\/users\/5"}],"replies":[{"embeddable":true,"href":"https:\/\/arcus.org.rs\/hun\/wp-json\/wp\/v2\/comments?post=2968"}],"version-history":[{"count":2,"href":"https:\/\/arcus.org.rs\/hun\/wp-json\/wp\/v2\/pages\/2968\/revisions"}],"predecessor-version":[{"id":3172,"href":"https:\/\/arcus.org.rs\/hun\/wp-json\/wp\/v2\/pages\/2968\/revisions\/3172"}],"wp:attachment":[{"href":"https:\/\/arcus.org.rs\/hun\/wp-json\/wp\/v2\/media?parent=2968"}],"curies":[{"name":"wp","href":"https:\/\/api.w.org\/{rel}","templated":true}]}}