{"id":3022,"date":"2021-05-21T23:39:09","date_gmt":"2021-05-21T22:39:09","guid":{"rendered":"https:\/\/arcus.org.rs\/hun\/?page_id=3022"},"modified":"2021-05-31T18:13:41","modified_gmt":"2021-05-31T17:13:41","slug":"part-menti-oshonos-fas-szaru-novenyek","status":"publish","type":"page","link":"https:\/\/arcus.org.rs\/hun\/part-menti-oshonos-fas-szaru-novenyek\/","title":{"rendered":"Part menti \u0151shonos f\u00e1s sz\u00e1r\u00fa n\u00f6v\u00e9nyek"},"content":{"rendered":"<div id=\"attachment_3025\" style=\"width: 275px\" class=\"wp-caption alignright\"><a href=\"https:\/\/arcus.org.rs\/hun\/wp-content\/uploads\/2021\/05\/salix.alba_.Photo_.Sihelnik.J..jpg\"><img aria-describedby=\"caption-attachment-3025\" loading=\"lazy\" class=\"wp-image-3025\" title=\"Feh\u00e9r f\u0171z (Photo: Sihelnik J\u00f3zsef)\" src=\"https:\/\/arcus.org.rs\/hun\/wp-content\/uploads\/2021\/05\/salix.alba_.Photo_.Sihelnik.J.-300x200.jpg\" alt=\"Feh\u00e9r f\u0171z (Photo: Sihelnik J\u00f3zsef)\" width=\"265\" height=\"177\" srcset=\"https:\/\/arcus.org.rs\/hun\/wp-content\/uploads\/2021\/05\/salix.alba_.Photo_.Sihelnik.J.-300x200.jpg 300w, https:\/\/arcus.org.rs\/hun\/wp-content\/uploads\/2021\/05\/salix.alba_.Photo_.Sihelnik.J.-768x512.jpg 768w, https:\/\/arcus.org.rs\/hun\/wp-content\/uploads\/2021\/05\/salix.alba_.Photo_.Sihelnik.J..jpg 840w\" sizes=\"(max-width: 265px) 100vw, 265px\" \/><\/a><p id=\"caption-attachment-3025\" class=\"wp-caption-text\">Feh\u00e9r f\u0171z (Photo: Sihelnik J\u00f3zsef)<\/p><\/div>\n<p style=\"text-align: justify;\">A v\u00edzpartok k\u00f6zel\u00e9ben az id\u0151szakos v\u00edzbor\u00edt\u00e1st \u00e1ltal\u00e1ban j\u00f3l t\u0171r\u0151 fafajok \u00e9lnek. Tavasszal a term\u00e9szetk\u00f6zeli \u00e1llapotban fennmaradt tavak v\u00edzszintje n\u00e9mik\u00e9pp emelkedik a t\u00e9li \u00e9s kora tavaszi csapad\u00e9knak k\u00f6sz\u00f6nhet\u0151en, mely nem ritk\u00e1n ny\u00e1r elej\u00e9ig is bor\u00edthatja a part menti f\u00e1s ter\u00fcleteket. A f\u00e1k gy\u00f6kere sok esetben kiemelkedik a v\u00edzb\u0151l, egyes p\u00e9ld\u00e1nyok gy\u00f6k\u00e9rl\u00e1bakon \u00e1llnak. Tavunk alacsonyabb fekv\u00e9s\u0171 partszakaszain t\u00f6bb olyan \u0151shonos fafaj is megtal\u00e1lhat\u00f3, melyek az \u00e9v egy r\u00e9sz\u00e9ben teljes v\u00edzbor\u00edt\u00e1snak vannak kit\u00e9ve. Leggyakoribb k\u00f6z\u00fcl\u00fck a <strong>feh\u00e9r f\u0171z<\/strong> (<em>Salix alba<\/em>), amelynek jellegzetes, keskeny levelei vannak, a kifejlett lev\u00e9l fon\u00e1ka finom ez\u00fcst\u00f6s sz\u0151r\u0171. V\u00e9konyabb vessz\u0151i hajl\u00e9konyak, laza lombkoron\u00e1j\u00fa fa. Egyivar\u00fa vir\u00e1gai barkavir\u00e1gzatot alkotnak. Az egyik n\u00f6v\u00e9nyen csak porz\u00f3s, a m\u00e1sikon term\u0151s vir\u00e1gok vannak. Apr\u00f3 magvait vattaszer\u0171 sz\u0151r\u00fcst\u00f6k bor\u00edtja, \u00edgy a sz\u00e9llel k\u00f6nnyen terjed. A <strong>feh\u00e9r ny\u00e1r<\/strong> (<em>Populus alba<\/em>) ugyancsak jellegzetes a part ment\u00e9n, \u00e1m valamelyest ritk\u00e1bban tal\u00e1lkozhatunk vele. \u00c1ltal\u00e1ban a partt\u00f3l t\u00e1volabb, m\u00e1r a feh\u00e9r f\u00fczek z\u00f3n\u00e1j\u00e1n k\u00edv\u00fcl n\u0151. Levelei tenyeresek, a fon\u00e1kon feh\u00e9r molyhosak. K\u00e9rge feh\u00e9ressz\u00fcrke. Hatalmasra n\u00f6v\u0151, tereb\u00e9lyes fa. Elv\u00e9tve, n\u00e9h\u00e1ny helyen fordul el\u0151 csak a <strong>keskenylevel\u0171 k\u0151ris<\/strong> (<em>Fraxinus angustifolia<\/em>) Vajdas\u00e1gban is \u0151shonos alfaja, a <strong>magyar k\u0151ris<\/strong> (<em>Fraxinus angustifolia subsp. danubialis<\/em>). K\u00f6nnyen elviseli a r\u00f6vid ideig tart\u00f3 sz\u00e1razs\u00e1got, de nedves talajban \u00e9rzi igaz\u00e1n j\u00f3l mag\u00e1t. Jelent\u0151s m\u00e9g a szint\u00e9n part ment\u00e9n \u00e9l\u0151 <strong>kecskef\u0171z<\/strong> (<em>Salix caprea<\/em>), melynek bark\u00e1s \u00e1gai tavasszal igen felt\u0171n\u0151ek \u00e9s jellegzetesek. Egyes helyeken a teljes partszakaszt elbor\u00edt\u00f3, kistermet\u0171 fa. J\u00f3l viseli a teljes v\u00edzbor\u00edt\u00e1st is, ez\u00e9rt sok esetben a n\u00e1dszeg\u00e9ly ment\u00e9n tal\u00e1lhat\u00f3.<\/p>\n<p style=\"text-align: right;\">Sihelnik J\u00f3zsef<\/p>\n<p><strong>III. <a href=\"https:\/\/arcus.org.rs\/hun\/lagyszaru-novenyek-a-part-menten\/\"><em>L\u00e1gysz\u00e1r\u00fa n\u00f6v\u00e9nyek a part ment\u00e9n<\/em><\/a><\/strong> \u203a\u203a\u203a<\/p>\n<p>\u2039\u2039\u2039 <a href=\"https:\/\/arcus.org.rs\/hun\/topolya-volgyei-termeszeti-park\/\"><em>vissza<\/em><\/a><\/p>\n<div id=\"attachment_3023\" style=\"width: 271px\" class=\"wp-caption alignleft\"><a href=\"https:\/\/arcus.org.rs\/hun\/wp-content\/uploads\/2021\/05\/part.menti_.fas_.terulet.Photo_.Sihelnik.J..jpg\"><img aria-describedby=\"caption-attachment-3023\" loading=\"lazy\" class=\"wp-image-3023\" title=\"Part menti f\u00e1s ter\u00fclet (Photo: Sihelnik J\u00f3zsef)\" src=\"https:\/\/arcus.org.rs\/hun\/wp-content\/uploads\/2021\/05\/part.menti_.fas_.terulet.Photo_.Sihelnik.J.-300x200.jpg\" alt=\"Part menti f\u00e1s ter\u00fclet (Photo: Sihelnik J\u00f3zsef)\" width=\"261\" height=\"174\" srcset=\"https:\/\/arcus.org.rs\/hun\/wp-content\/uploads\/2021\/05\/part.menti_.fas_.terulet.Photo_.Sihelnik.J.-300x200.jpg 300w, https:\/\/arcus.org.rs\/hun\/wp-content\/uploads\/2021\/05\/part.menti_.fas_.terulet.Photo_.Sihelnik.J.-768x512.jpg 768w, https:\/\/arcus.org.rs\/hun\/wp-content\/uploads\/2021\/05\/part.menti_.fas_.terulet.Photo_.Sihelnik.J..jpg 840w\" sizes=\"(max-width: 261px) 100vw, 261px\" \/><\/a><p id=\"caption-attachment-3023\" class=\"wp-caption-text\">Part menti f\u00e1s ter\u00fclet (Photo: Sihelnik J\u00f3zsef)<\/p><\/div>\n<div id=\"attachment_3024\" style=\"width: 271px\" class=\"wp-caption alignright\"><a href=\"https:\/\/arcus.org.rs\/hun\/wp-content\/uploads\/2021\/05\/part.menti_.mocsaras.Photo_.Sihelnik.J..jpg\"><img aria-describedby=\"caption-attachment-3024\" loading=\"lazy\" class=\"wp-image-3024\" title=\"Part menti mocsaras (Photo: Sihelnik J\u00f3zsef)\" src=\"https:\/\/arcus.org.rs\/hun\/wp-content\/uploads\/2021\/05\/part.menti_.mocsaras.Photo_.Sihelnik.J.-300x200.jpg\" alt=\"Part menti mocsaras (Photo: Sihelnik J\u00f3zsef)\" width=\"261\" height=\"174\" srcset=\"https:\/\/arcus.org.rs\/hun\/wp-content\/uploads\/2021\/05\/part.menti_.mocsaras.Photo_.Sihelnik.J.-300x200.jpg 300w, https:\/\/arcus.org.rs\/hun\/wp-content\/uploads\/2021\/05\/part.menti_.mocsaras.Photo_.Sihelnik.J.-768x512.jpg 768w, https:\/\/arcus.org.rs\/hun\/wp-content\/uploads\/2021\/05\/part.menti_.mocsaras.Photo_.Sihelnik.J..jpg 840w\" sizes=\"(max-width: 261px) 100vw, 261px\" \/><\/a><p id=\"caption-attachment-3024\" class=\"wp-caption-text\">Part menti mocsaras (Photo: Sihelnik J\u00f3zsef)<\/p><\/div>\n<div id=\"attachment_3026\" style=\"width: 271px\" class=\"wp-caption alignleft\"><a href=\"https:\/\/arcus.org.rs\/hun\/wp-content\/uploads\/2021\/05\/populus.alba_.Photo_.Sihelnik.J..jpg\"><img aria-describedby=\"caption-attachment-3026\" loading=\"lazy\" class=\"wp-image-3026\" title=\"Feh\u00e9r ny\u00e1r (Photo: Sihelnik J\u00f3zsef)\" src=\"https:\/\/arcus.org.rs\/hun\/wp-content\/uploads\/2021\/05\/populus.alba_.Photo_.Sihelnik.J.-300x200.jpg\" alt=\"Feh\u00e9r ny\u00e1r (Photo: Sihelnik J\u00f3zsef)\" width=\"261\" height=\"174\" srcset=\"https:\/\/arcus.org.rs\/hun\/wp-content\/uploads\/2021\/05\/populus.alba_.Photo_.Sihelnik.J.-300x200.jpg 300w, https:\/\/arcus.org.rs\/hun\/wp-content\/uploads\/2021\/05\/populus.alba_.Photo_.Sihelnik.J.-768x512.jpg 768w, https:\/\/arcus.org.rs\/hun\/wp-content\/uploads\/2021\/05\/populus.alba_.Photo_.Sihelnik.J..jpg 840w\" sizes=\"(max-width: 261px) 100vw, 261px\" \/><\/a><p id=\"caption-attachment-3026\" class=\"wp-caption-text\">Feh\u00e9r ny\u00e1r (Photo: Sihelnik J\u00f3zsef)<\/p><\/div>\n<div id=\"attachment_3027\" style=\"width: 271px\" class=\"wp-caption alignright\"><a href=\"https:\/\/arcus.org.rs\/hun\/wp-content\/uploads\/2021\/05\/salix.caprea.Photo_.Sihelnik.J..jpg\"><img aria-describedby=\"caption-attachment-3027\" loading=\"lazy\" class=\"wp-image-3027\" title=\"Kecskef\u0171z (Photo: Sihelnik J\u00f3zsef)\" src=\"https:\/\/arcus.org.rs\/hun\/wp-content\/uploads\/2021\/05\/salix.caprea.Photo_.Sihelnik.J.-300x200.jpg\" alt=\"Kecskef\u0171z (Photo: Sihelnik J\u00f3zsef)\" width=\"261\" height=\"174\" srcset=\"https:\/\/arcus.org.rs\/hun\/wp-content\/uploads\/2021\/05\/salix.caprea.Photo_.Sihelnik.J.-300x200.jpg 300w, https:\/\/arcus.org.rs\/hun\/wp-content\/uploads\/2021\/05\/salix.caprea.Photo_.Sihelnik.J.-768x512.jpg 768w, https:\/\/arcus.org.rs\/hun\/wp-content\/uploads\/2021\/05\/salix.caprea.Photo_.Sihelnik.J..jpg 840w\" sizes=\"(max-width: 261px) 100vw, 261px\" \/><\/a><p id=\"caption-attachment-3027\" class=\"wp-caption-text\">Kecskef\u0171z (Photo: Sihelnik J\u00f3zsef)<\/p><\/div>\n<div class=\"fcbkbttn_buttons_block\" id=\"fcbkbttn_left\"><div class=\"fcbkbttn_like \"><fb:like href=\"https:\/\/arcus.org.rs\/hun\/part-menti-oshonos-fas-szaru-novenyek\/\" action=\"like\" colorscheme=\"light\" layout=\"standard\" show-faces='false' width=\"450px\" size=\"small\"><\/fb:like><\/div><\/div>","protected":false},"excerpt":{"rendered":"<p>A v\u00edzpartok k\u00f6zel\u00e9ben az id\u0151szakos v\u00edzbor\u00edt\u00e1st \u00e1ltal\u00e1ban j\u00f3l t\u0171r\u0151 fafajok \u00e9lnek. Tavasszal a term\u00e9szetk\u00f6zeli \u00e1llapotban fennmaradt tavak v\u00edzszintje n\u00e9mik\u00e9pp emelkedik a t\u00e9li \u00e9s kora tavaszi csapad\u00e9knak k\u00f6sz\u00f6nhet\u0151en, mely nem ritk\u00e1n ny\u00e1r elej\u00e9ig is bor\u00edthatja a part menti f\u00e1s ter\u00fcleteket. A&hellip; <\/p>\n","protected":false},"author":5,"featured_media":0,"parent":0,"menu_order":0,"comment_status":"closed","ping_status":"open","template":"","meta":{"_mi_skip_tracking":false,"spay_email":""},"jetpack_shortlink":"https:\/\/wp.me\/P40Haz-MK","jetpack_sharing_enabled":true,"jetpack_likes_enabled":false,"_links":{"self":[{"href":"https:\/\/arcus.org.rs\/hun\/wp-json\/wp\/v2\/pages\/3022"}],"collection":[{"href":"https:\/\/arcus.org.rs\/hun\/wp-json\/wp\/v2\/pages"}],"about":[{"href":"https:\/\/arcus.org.rs\/hun\/wp-json\/wp\/v2\/types\/page"}],"author":[{"embeddable":true,"href":"https:\/\/arcus.org.rs\/hun\/wp-json\/wp\/v2\/users\/5"}],"replies":[{"embeddable":true,"href":"https:\/\/arcus.org.rs\/hun\/wp-json\/wp\/v2\/comments?post=3022"}],"version-history":[{"count":4,"href":"https:\/\/arcus.org.rs\/hun\/wp-json\/wp\/v2\/pages\/3022\/revisions"}],"predecessor-version":[{"id":3061,"href":"https:\/\/arcus.org.rs\/hun\/wp-json\/wp\/v2\/pages\/3022\/revisions\/3061"}],"wp:attachment":[{"href":"https:\/\/arcus.org.rs\/hun\/wp-json\/wp\/v2\/media?parent=3022"}],"curies":[{"name":"wp","href":"https:\/\/api.w.org\/{rel}","templated":true}]}}