{"id":1240,"date":"2021-10-13T22:13:11","date_gmt":"2021-10-13T21:13:11","guid":{"rendered":"https:\/\/arcus.org.rs\/srb\/?page_id=1240"},"modified":"2023-11-29T20:14:02","modified_gmt":"2023-11-29T19:14:02","slug":"nemojmo-hraniti-ptice-vodenih-stanista","status":"publish","type":"page","link":"https:\/\/arcus.org.rs\/srb\/nemojmo-hraniti-ptice-vodenih-stanista\/","title":{"rendered":"Nemojmo hraniti ptice vodenih stani\u0161ta!"},"content":{"rendered":"<p style=\"text-align: justify;\">U poslednje vreme sve se \u010de\u0161\u0107e susre\u0107emo sa pojavom hranjenja ptica vodenih stani\u0161ta, pa je tako i na Ba\u010dkotopolskom jezeru uo\u010deno da ljudi \u010desto hrane labudove i divlje patke u okolini gradske pla\u017ee. Dobronamerni \u0161eta\u010di i izletnici nisu upoznati sa \u010dinjenicom da je hranjenje vodenih ptica suvi\u0161no, pogotovo u letnjem periodu, kada imaju hrane u izobilju. U ovom slu\u010daju hranjenje ne poma\u017ee pticama, upravo suprotno, ptice dovodi u opasnost, \u0161teti njihovom zdravlju i mo\u017ee \u010dak dovesti do uginu\u0107a!<\/p>\n<div id=\"attachment_1241\" style=\"width: 275px\" class=\"wp-caption alignleft\"><a href=\"https:\/\/arcus.org.rs\/srb\/wp-content\/uploads\/2023\/11\/anas.platyrhynchos.Photo_.Sihelnik.J..jpg\"><img aria-describedby=\"caption-attachment-1241\" loading=\"lazy\" class=\"wp-image-1241\" title=\"Gluvara (Photo: Sihelnik J\u00f3zsef)\" src=\"https:\/\/arcus.org.rs\/srb\/wp-content\/uploads\/2023\/11\/anas.platyrhynchos.Photo_.Sihelnik.J.-300x200.jpg\" alt=\"Gluvara (Photo: Sihelnik J\u00f3zsef)\" width=\"265\" height=\"177\" srcset=\"https:\/\/arcus.org.rs\/srb\/wp-content\/uploads\/2023\/11\/anas.platyrhynchos.Photo_.Sihelnik.J.-300x200.jpg 300w, https:\/\/arcus.org.rs\/srb\/wp-content\/uploads\/2023\/11\/anas.platyrhynchos.Photo_.Sihelnik.J.-768x512.jpg 768w, https:\/\/arcus.org.rs\/srb\/wp-content\/uploads\/2023\/11\/anas.platyrhynchos.Photo_.Sihelnik.J..jpg 840w\" sizes=\"(max-width: 265px) 100vw, 265px\" \/><\/a><p id=\"caption-attachment-1241\" class=\"wp-caption-text\">Gluvara (Photo: Sihelnik J\u00f3zsef)<\/p><\/div>\n<p style=\"text-align: justify;\">Hranu ptica biljojeda (labudovi, divlje guske i divlje patke) prvenstveno \u010dine trava koju pasu na obalama, odre\u0111ene zeljaste biljke, kao i vodeno bilje, koje su pticama na raspolaganju u dovoljnoj koli\u010dini tokom cele godine, i zimi i leti. Ako nema hrane, ili ako je nedostupna, ptice u tom slu\u010daju ne\u0107e boraviti u odre\u0111enoj oblasti, odnosno, brzo \u0107e migrirati dalje. Prilikom hranjenja ljudi pticama obi\u010dno daju hleb, nekvalitetnu i neodgovaraju\u0107u hranu, zbog koje se ptice razboljevaju. A u slu\u010daju kada je u ponudi odgovaraju\u0107a hrana, stvara se ve\u0161ta\u010dki izvor hrane, \u0161to dovodi do poreme\u0107aja u pona\u0161anju ptica i isklju\u010duje neophodno migriranje, koje je va\u017eno za pre\u017eivljavanje tokom zime. Hranjenje ptica vodenih stani\u0161ta dovodi do neprirodnog pove\u0107anja broja ptica na jednom mestu, \u0161to ima za posledicu pove\u0107anu agresiju izme\u0111u ptica i mogu\u0107nost povre\u0111ivanja, kao i olak\u0161ano \u0161irenje zaraznih bolesti. Tako\u0111e, dolazi do zaga\u0111enja \u017eivotne sredine, jer se pove\u0107ava optere\u0107enje voda organskim materijama, \u0161to zatim dovodi do eutrofizacije.<\/p>\n<p style=\"text-align: justify;\">Tokom blagih zima veliki broj vodenih ptica iz na\u0161ih krajeva ne migrira, ali im se pridru\u017euju jedinke iz severnijih oblasti. \u010cak i u ovakvim slu\u010dajevima pribavljanje hrane ne predstavlja problem nijednoj od vrsta, prirodne izvore hrane mogu prona\u0107i na odgovaraju\u0107im delovima obale, kao i na celokupnoj vodenoj povr\u0161ini Ba\u010dkotopolskog jezera i vodotoka Krivaje. Za ptice je tako najbolje, i \u010dak i uprkos najboljim namerama, poku\u0161ajmo da ptice ne odvra\u0107amo od prirodnih izvora hrane. Uglavnom su labudovi skloni prihvatanju lako pribavljene hrane, ali priliku vrlo \u010desto iskoriste i gluvare, liske i barske kokice.<\/p>\n<div id=\"attachment_750\" style=\"width: 275px\" class=\"wp-caption alignright\"><a href=\"https:\/\/arcus.org.rs\/srb\/wp-content\/uploads\/2018\/02\/cygnus.olor_.Photo_.Sihelnik.J..jpg\"><img aria-describedby=\"caption-attachment-750\" loading=\"lazy\" class=\"wp-image-750\" title=\"Labud grbac (Photo: Sihelnik J\u00f3zsef)\" src=\"https:\/\/arcus.org.rs\/srb\/wp-content\/uploads\/2018\/02\/cygnus.olor_.Photo_.Sihelnik.J.-300x200.jpg\" alt=\"Labud grbac (Photo: Sihelnik J\u00f3zsef)\" width=\"265\" height=\"177\" srcset=\"https:\/\/arcus.org.rs\/srb\/wp-content\/uploads\/2018\/02\/cygnus.olor_.Photo_.Sihelnik.J.-300x200.jpg 300w, https:\/\/arcus.org.rs\/srb\/wp-content\/uploads\/2018\/02\/cygnus.olor_.Photo_.Sihelnik.J.-768x512.jpg 768w, https:\/\/arcus.org.rs\/srb\/wp-content\/uploads\/2018\/02\/cygnus.olor_.Photo_.Sihelnik.J..jpg 840w\" sizes=\"(max-width: 265px) 100vw, 265px\" \/><\/a><p id=\"caption-attachment-750\" class=\"wp-caption-text\">Labud grbac (Photo: Sihelnik J\u00f3zsef)<\/p><\/div>\n<p style=\"text-align: justify;\"><strong>Ovim putem \u017eelimo da naglasimo i da skrenemo pa\u017enju na slede\u0107e: molimo vas, nemojte hraniti vodene ptice, pogotovo ne labudove koji borave u okolini pla\u017ee!<\/strong> Imaju dovoljno prirodne hrane, koja je za njih i najbolja. Nasuprot tome, ljudi ih uglavnom hrane starim hlebom koji u odre\u0111enim situacijama mo\u017ee da se ubu\u0111a, a ishrana takvim hlebom mo\u017ee da dovede i do uginu\u0107a ptice. Tako\u0111e, ako se ptice hrane hlebom tokom du\u017eeg vremenskog perioda dolazi do nedostatka odre\u0111enih hranljivih materija i bolesti. Tokom zime nije potrebno hraniti vodene ptice ni drugom hranom, npr. hranom biljnog porekla, jer lako dolaze do svoje prirodne hrane. A ako zima postane veoma o\u0161tra i hladna, za vodene ptice je prirodno i normalno da odu u ju\u017enije krajeve gde je zima bla\u017ea.<\/p>\n<p style=\"text-align: justify;\">Ako \u017eelimo hraniti ptice tokom zime, preporu\u010dujemo hranjenje ptica peva\u010dica i to zrnevljem sa visokim sadr\u017eajem ulja, prvenstveno sirovim suncokretom sa crnom ljuskom. U slu\u010daju ptica peva\u010dica hranjenje odgovaraju\u0107im zrnevljem nije \u0161kodljivo i zaista im mo\u017eemo pomo\u0107i da pre\u017eive zimske mesece.<\/p>\n<div class=\"fcbkbttn_buttons_block\" id=\"fcbkbttn_left\"><div class=\"fcbkbttn_like \"><fb:like href=\"https:\/\/arcus.org.rs\/srb\/nemojmo-hraniti-ptice-vodenih-stanista\/\" action=\"like\" colorscheme=\"light\" layout=\"standard\" show-faces='false' width=\"450px\" size=\"small\"><\/fb:like><\/div><\/div>","protected":false},"excerpt":{"rendered":"<p>U poslednje vreme sve se \u010de\u0161\u0107e susre\u0107emo sa pojavom hranjenja ptica vodenih stani\u0161ta, pa je tako i na Ba\u010dkotopolskom jezeru uo\u010deno da ljudi \u010desto hrane labudove i divlje patke u okolini gradske pla\u017ee. Dobronamerni \u0161eta\u010di i izletnici nisu upoznati sa&hellip; <\/p>\n","protected":false},"author":5,"featured_media":0,"parent":0,"menu_order":0,"comment_status":"closed","ping_status":"open","template":"","meta":{"spay_email":""},"jetpack_shortlink":"https:\/\/wp.me\/P6qRcp-k0","jetpack_sharing_enabled":true,"jetpack_likes_enabled":false,"_links":{"self":[{"href":"https:\/\/arcus.org.rs\/srb\/wp-json\/wp\/v2\/pages\/1240"}],"collection":[{"href":"https:\/\/arcus.org.rs\/srb\/wp-json\/wp\/v2\/pages"}],"about":[{"href":"https:\/\/arcus.org.rs\/srb\/wp-json\/wp\/v2\/types\/page"}],"author":[{"embeddable":true,"href":"https:\/\/arcus.org.rs\/srb\/wp-json\/wp\/v2\/users\/5"}],"replies":[{"embeddable":true,"href":"https:\/\/arcus.org.rs\/srb\/wp-json\/wp\/v2\/comments?post=1240"}],"version-history":[{"count":1,"href":"https:\/\/arcus.org.rs\/srb\/wp-json\/wp\/v2\/pages\/1240\/revisions"}],"predecessor-version":[{"id":1242,"href":"https:\/\/arcus.org.rs\/srb\/wp-json\/wp\/v2\/pages\/1240\/revisions\/1242"}],"wp:attachment":[{"href":"https:\/\/arcus.org.rs\/srb\/wp-json\/wp\/v2\/media?parent=1240"}],"curies":[{"name":"wp","href":"https:\/\/api.w.org\/{rel}","templated":true}]}}