{"id":169,"date":"2013-12-15T15:03:32","date_gmt":"2013-12-15T14:03:32","guid":{"rendered":"http:\/\/tothbalint.tk\/arcus\/srb\/?page_id=169"},"modified":"2017-03-09T02:14:38","modified_gmt":"2017-03-09T01:14:38","slug":"strucne-sekcije","status":"publish","type":"page","link":"https:\/\/arcus.org.rs\/srb\/strucne-sekcije\/","title":{"rendered":"Stru\u010dne sekcije"},"content":{"rendered":"<p style=\"text-align: justify;\">U okviru Ekolo\u0161kog dru\u0161tva \u201dArkus\u201d postoji mogu\u0107nost za formiranje razli\u010ditih sekcija koje se bave posebnim nau\u010dnim oblastima. Trenutno postoje \u010detiri ovakve sekcije kojima se mogu priklju\u010diti svi \u010dlanovi u zavisnosti od svojih interesovanja. Vo\u0111e sekcija su stru\u010dnjaci koji imaju iskustva u okviru teme kojom se grupa bavi.<\/p>\n<p style=\"text-align: justify;\"><strong>U ED \u201cArkus\u201d trenutno postoje \u010detiri aktivne sekcije:<\/strong><\/p>\n<p><a title=\"Ornitolo\u0161ka sekcija\" href=\"http:\/\/arcus.org.rs\/srb\/ornitoloska-sekcija\/\"><em><span style=\"font-size: 14px;\">Ornitolo\u0161ka sekcija<\/span><\/em><\/a><\/p>\n<p><a title=\"Botani\u010dka sekcija\" href=\"http:\/\/arcus.org.rs\/srb\/botanicka-sekcija\/\"><em>Botani\u010dka sekcija<\/em><\/a><\/p>\n<p><em>Entomolo\u0161ka sekcija<\/em><\/p>\n<p><em>Arahnolo\u0161ka sekcija<\/em><\/p>\n<div id=\"__if72ru4sdfsdfrkjahiuyi_once\" style=\"display: none;\"><\/div>\n<div id=\"__hggasdgjhsagd_once\" style=\"display: none;\"><\/div>\n<div class=\"fcbkbttn_buttons_block\" id=\"fcbkbttn_left\"><div class=\"fcbkbttn_like \"><fb:like href=\"https:\/\/arcus.org.rs\/srb\/strucne-sekcije\/\" action=\"like\" colorscheme=\"light\" layout=\"standard\" show-faces='false' width=\"450px\" size=\"small\"><\/fb:like><\/div><\/div>","protected":false},"excerpt":{"rendered":"<p>U okviru Ekolo\u0161kog dru\u0161tva \u201dArkus\u201d postoji mogu\u0107nost za formiranje razli\u010ditih sekcija koje se bave posebnim nau\u010dnim oblastima. Trenutno postoje \u010detiri ovakve sekcije kojima se mogu priklju\u010diti svi \u010dlanovi u zavisnosti od svojih interesovanja. Vo\u0111e sekcija su stru\u010dnjaci koji imaju iskustva&hellip; <\/p>\n","protected":false},"author":2,"featured_media":0,"parent":0,"menu_order":0,"comment_status":"closed","ping_status":"open","template":"","meta":{"spay_email":""},"jetpack_shortlink":"https:\/\/wp.me\/P6qRcp-2J","jetpack_sharing_enabled":true,"jetpack_likes_enabled":false,"_links":{"self":[{"href":"https:\/\/arcus.org.rs\/srb\/wp-json\/wp\/v2\/pages\/169"}],"collection":[{"href":"https:\/\/arcus.org.rs\/srb\/wp-json\/wp\/v2\/pages"}],"about":[{"href":"https:\/\/arcus.org.rs\/srb\/wp-json\/wp\/v2\/types\/page"}],"author":[{"embeddable":true,"href":"https:\/\/arcus.org.rs\/srb\/wp-json\/wp\/v2\/users\/2"}],"replies":[{"embeddable":true,"href":"https:\/\/arcus.org.rs\/srb\/wp-json\/wp\/v2\/comments?post=169"}],"version-history":[{"count":2,"href":"https:\/\/arcus.org.rs\/srb\/wp-json\/wp\/v2\/pages\/169\/revisions"}],"predecessor-version":[{"id":650,"href":"https:\/\/arcus.org.rs\/srb\/wp-json\/wp\/v2\/pages\/169\/revisions\/650"}],"wp:attachment":[{"href":"https:\/\/arcus.org.rs\/srb\/wp-json\/wp\/v2\/media?parent=169"}],"curies":[{"name":"wp","href":"https:\/\/api.w.org\/{rel}","templated":true}]}}