{"id":263,"date":"2013-12-15T18:19:27","date_gmt":"2013-12-15T17:19:27","guid":{"rendered":"http:\/\/arcustest2.dreamhosters.com\/srb\/?page_id=263"},"modified":"2015-04-17T18:05:58","modified_gmt":"2015-04-17T17:05:58","slug":"prirodne-lepote","status":"publish","type":"page","link":"https:\/\/arcus.org.rs\/srb\/prirodne-lepote\/","title":{"rendered":"Prirodne lepote"},"content":{"rendered":"<p style=\"text-align: justify;\">Na teritoriji op\u0161tine Ba\u010dka Topola kao i u na\u0161oj u\u017eoj okolini nalaze se razne vrste biljaka, gljiva, \u017eivotinja kao i druga prirodna bogatstva koja treba i zaslu\u017euju da se spomenu. \u010clanovi Ekolo\u0161kog dru\u0161tva\u00a0\u201cArkus\u201d redovno vr\u0161e istra\u017eiva\u010dki rad u na\u0161oj op\u0161tini i otkrili su brojne teritorije koje se mogu svrstati u prirodna bogatstva. Prikazivanje i upoznavanje drugih ljudi sa svim ovim bogatstvima smatramo veoma bitnim zadatkom jer samim tim podi\u017eemo i njihovu pa\u017enju na bitnost o\u010duvanja i za\u0161tite ovih teritorija.<\/p>\n<p style=\"text-align: justify;\">Pored raznih predavanja, tura i Eko kampova i na ovom mestu \u017eelimo da pru\u017eimo mogu\u0107nost da svi zainteresovani budu upoznati sa prirodnim bogatstvima u na\u0161oj okolini.<\/p>\n<div id=\"__if72ru4sdfsdfrkjahiuyi_once\" style=\"display: none;\"><\/div>\n<div id=\"__hggasdgjhsagd_once\" style=\"display: none;\"><\/div>\n<div class=\"fcbkbttn_buttons_block\" id=\"fcbkbttn_left\"><div class=\"fcbkbttn_like \"><fb:like href=\"https:\/\/arcus.org.rs\/srb\/prirodne-lepote\/\" action=\"like\" colorscheme=\"light\" layout=\"standard\" show-faces='false' width=\"450px\" size=\"small\"><\/fb:like><\/div><\/div>","protected":false},"excerpt":{"rendered":"<p>Na teritoriji op\u0161tine Ba\u010dka Topola kao i u na\u0161oj u\u017eoj okolini nalaze se razne vrste biljaka, gljiva, \u017eivotinja kao i druga prirodna bogatstva koja treba i zaslu\u017euju da se spomenu. \u010clanovi Ekolo\u0161kog dru\u0161tva\u00a0\u201cArkus\u201d redovno vr\u0161e istra\u017eiva\u010dki rad u na\u0161oj op\u0161tini&hellip; <\/p>\n","protected":false},"author":5,"featured_media":0,"parent":0,"menu_order":0,"comment_status":"closed","ping_status":"open","template":"","meta":{"spay_email":""},"jetpack_shortlink":"https:\/\/wp.me\/P6qRcp-4f","jetpack_sharing_enabled":true,"jetpack_likes_enabled":false,"_links":{"self":[{"href":"https:\/\/arcus.org.rs\/srb\/wp-json\/wp\/v2\/pages\/263"}],"collection":[{"href":"https:\/\/arcus.org.rs\/srb\/wp-json\/wp\/v2\/pages"}],"about":[{"href":"https:\/\/arcus.org.rs\/srb\/wp-json\/wp\/v2\/types\/page"}],"author":[{"embeddable":true,"href":"https:\/\/arcus.org.rs\/srb\/wp-json\/wp\/v2\/users\/5"}],"replies":[{"embeddable":true,"href":"https:\/\/arcus.org.rs\/srb\/wp-json\/wp\/v2\/comments?post=263"}],"version-history":[{"count":0,"href":"https:\/\/arcus.org.rs\/srb\/wp-json\/wp\/v2\/pages\/263\/revisions"}],"wp:attachment":[{"href":"https:\/\/arcus.org.rs\/srb\/wp-json\/wp\/v2\/media?parent=263"}],"curies":[{"name":"wp","href":"https:\/\/api.w.org\/{rel}","templated":true}]}}